t is -2112021200210 (base 3) in base 12?
-549986
Convert 32bd (base 16) to base 11.
9839
Convert 146134 (base 9) to base 5.
10333104
Convert 3ea9 (base 16) to base 14.
5bbb
330000323 (base 5) to base 4
11113112002
Convert -10432909 (base 10) to base 14.
-155811b
What is 132323023 (base 4) in base 16?
1eecb
What is -11110110010100 (base 2) in base 9?
-23555
What is -31b7c (base 15) in base 6?
-3214430
Convert 10202200222120 (base 3) to base 12.
806566
What is -356720 (base 9) in base 6?
-4334543
Convert -1101010011010110 (base 2) to base 12.
-27646
Convert 47655271 (base 8) to base 14.
155bcc9
What is -19d275 (base 14) in base 4?
-3200202313
Convert -10554041 (base 6) to base 3.
-121120102221
444023433 (base 5) to base 3
10122112010211
What is 169220 (base 15) in base 5?
240001410
What is 1661914 (base 10) in base 7?
20061142
98714 (base 14) to base 11
232333
What is -9757647 (base 10) in base 11?
-5565079
4212454 (base 9) to base 2
1000100101110111011110
4540350 (base 6) to base 16
385aa
What is -146840 (base 10) in base 15?
-2d795
Convert -20502726 (base 8) to base 9.
-8174262
What is 344131304 (base 5) in base 13?
4245b9
What is -101001101010111011101 (base 2) in base 11?
-852996
What is 2d64a (base 15) in base 10?
146545
Convert 1922920 (base 11) to base 10.
3254075
-5bc796 (base 16) to base 6
-332530342
28282 (base 13) to base 8
222606
Convert -3340552 (base 6) to base 4.
-221023310
Convert 1083064 (base 10) to base 11.
67a7a4
Convert 10220320203 (base 5) to base 7.
160031402
2650820 (base 9) to base 14
29a939
Convert -1b0b35 (base 13) to base 12.
-291947
-1123881 (base 9) to base 6
-20555544
-1023323002 (base 4) to base 3
-120210120201
32233121 (base 5) to base 13
97a34
What is -10210000222 (base 3) in base 10?
-74384
Convert -106861 (base 14) to base 12.
-229885
Convert -5adb7 (base 16) to base 12.
-15b447
Convert bdf00 (base 16) to base 6.
24401440
61ab42 (base 14) to base 2
1100100100011100100110
What is 1492428 (base 10) in base 3?
2210211020010
Convert 2301033001 (base 4) to base 13.
1c5577
-103310002032 (base 4) to base 16
-4f408e
What is 130700 (base 8) in base 11?
31208
130224003 (base 5) to base 15
c7853
Convert 210120100010 (base 3) to base 8.
1475114
-511279 (base 14) to base 7
-32132312
Convert 1022333333 (base 4) to base 9.
517352
Convert 23154231 (base 6) to base 3.
1100022212101
What is 10011100100110111000 (base 2) in base 6?
21425424
What is -4f06e (base 16) in base 12?
-1373a6
What is 23a91 (base 14) in base 2?
10101010001101111
What is -10a50c (base 13) in base 11?
-24a121
What is -22d195 (base 14) in base 7?
-13046645
Convert 114343 (base 5) to base 13.
1c96
Convert 8c184 (base 13) to base 7.
2111550
What is -5102300 (base 7) in base 16?
-93ebd
Convert -3121221013 (base 4) to base 14.
-192c3d
Convert 343112 (base 5) to base 11.
9256
1705171 (base 11) to base 7
33461432
Convert 44344410 (base 7) to base 6.
214002400
Convert -131122320 (base 5) to base 14.
-12b275
What is -217812 (base 9) in base 4?
-133311311
Convert -2760150 (base 11) to base 8.
-22115745
What is cb430 (base 14) in base 5?
111221002
13b6ca2 (base 13) to base 3
102210120002200
Convert 11309338 (base 10) to base 4.
223021010122
-1111120 (base 5) to base 15
-5bc5
11343243130 (base 5) to base 4
302211012131
Convert 1863c8 (base 13) to base 3.
1011011202012
-1202302011 (base 4) to base 3
-202120000200
Convert -1baa55 (base 12) to base 16.
-79061
What is -40676377 (base 8) in base 16?
-837cff
What is 10110001110010101 (base 2) in base 13?
32583
What is 25246165 (base 8) in base 13?
1209593
What is -104523030 (base 7) in base 5?
-3104402114
What is -1a10120 (base 11) in base 6?
-200450103
1102222 (base 7) to base 3
20212112111
Convert 12313434 (base 5) to base 7.
1006321
7256006 (base 9) to base 3
21021220000020
2200a2 (base 12) to base 3
1000101201112
-2124143 (base 7) to base 8
-770467
-123333012 (base 4) to base 5
-12132010
1179036 (base 10) to base 13
323871
Convert 1670157 (base 9) to base 2.
11100011011111010011
What is c41ba (base 13) in base 2?
1010101111001100010
Convert 5137260 (base 8) to base 7.
14361443
Convert 1323030010 (base 4) to base 7.
4201036
Convert 593957a (base 11) to base 3.
201111112112121
What is 6903214 (base 10) in base 11?
399553a
What is 22784 (base 13) in base 9?
105135
Convert -613517 (base 12) to base 2.
-101110011000000100011
-2b267 (base 16) to base 3
-22222110001
-2606678 (base 9) to base 3
-2200020202122
What is -34703455 (base 9) in base 16?
-101bacf
Convert -173813a (base 12) to base 9.
-10031801
What is 33505 (base 8) in base 5?
423044
What is 620565 (base 7) in base 5?
11342221
What is 60559 (base 10) in base 11?
41554
What is 185b13 (base 12) in base 13?
11b572
-b7e78 (base 16) to base 8
-2677170
What is -374367 (base 10) in base 16?
-5b65f
What is 9a5b4 (base 12) in base 16?
31fd8
25654b (base 13) to base 7
10434252
Convert e7e1 (base 15) to base 8.
137614
b7cca (base 16) to base 8
2676312
Convert -858373 (base 11) to base 8.
-5171040
What is -221220210212 (base 3) in base 8?
-1744321
Convert -30103102003 (base 4) to base 13.
-88ba15
1331020010 (base 5) to base 11
19a66a3
What is -21120310131 (base 4) in base 5?
-1112222312
Convert 216b5 (base 14) to base 5.
10042121
What is 514730 (base 8) in base 5?
20423311
What is 11102302102 (base 4) in base 7?
14536450
Convert -462331 (base 10) to base 4.
-1300313323
What is 112110220 (base 4) in base 7?
530365
Convert 2223105 (base 7) to base 15.
5664c
What is 1312032 (base 4) in base 8?
16616
763202 (base 9) to base 4
1233012110
Convert 120134014 (base 6) to base 3.
11020102012101
Convert 12132 (base 15) to base 6.
1122515
Convert -2220102102 (base 3) to base 10.
-57170
Convert -13241433 (base 5) to base 13.
-48cb2
What is 10024300 (base 6) in base 3?
112101220000
What is -2551532 (base 6) in base 13?
-4b401
Convert 34817 (base 11) to base 16.
c439
Convert -131a9 (base 16) to base 11.
-53876
365226 (base 8) to base 11
863a3
Convert -1103424110 (base 5) to base 6.
-123313453
What is 1342025 (base 7) in base 8?
534313
What is 40560 (base 11) in base 15?
12840
What is 212032333 (base 5) in base 8?
3317653
-361527 (base 11) to base 9
-1062856
238524 (base 11) to base 9
634506
Convert 34109 (base 15) to base 13.
5a4c2
Convert 219357 (base 11) to base 4.
1111033123
What is 5241605 (base 7) in base 8?
2322451
Convert 13b95 (base 14) to base 10.
48935
Convert -9a6736 (base 13) to base 6.
-210015305
Convert -1422632 (base 7) to base 4.
-232203122
What is -b53cb5 (base 14) in base 9?
-12455473
What is -232113223 (base 4) in base 12?
-91ab7
What is 4335630 (base 7) in base 6?
15210510
What is 11120211021102 (base 3) in base 12?
99653b
Convert 1016540 (base 8) to base 10.
269664
What is 12121200200 (base 3) in base 11?
760a0
What is -603947 (base 10) in base 5?
-123311242
What is 313333033000 (base 4) in base 7?
235515610
Convert -148b1 (base 14) to base 6.
-1032351
3499496 (base 10) to base 6
203001212
What is -103202012 (base 4) in base 16?
-13886
What is -310024301 (base 5) in base 10?
-1251826
What is 73783a (base 11) in base 5?
300302413
What is -56452 (base 11) in base 9?
-134103
10110110110101100101110 (base 2) to base 10
5991214
What is -784b (base 13) in base 10?
-16794
What is 285357 (base 9) in base 12?
84bba
Convert bc48a7 (base 13) to base 3.
22100102201221
Convert 387738 (base 13) to base 6.
45043320
-12107676 (base 8) to base 3
-12000001102021
Convert 32021542 (base 6) to base 15.
13758e
-531741 (base 9) to base 15
-63a91
-2423341202 (base 5) to base 4
-111223223113
-1000001100100101001100 (base 2) to base 9
-4034386
-34020121 (base 6) to base 7
-11514133
74025 (base 12) to base 10
152093
Convert 36975 (base 14) to base 11.
913a6
Convert -252142 (base 7) to base 16.
-b530
2002022102022 (base 3) to base 16
10e9a1
What is -716613 (base 9) in base 11?
-270160
What is 271105 (base 9) in base 3?
22101010012
Convert 17353357 (base 8) to base 5.
2014141334
What is -1002111220222 (base 3) in base 9?
-1074828
Convert 25a580 (base 15) to base 3.
10101210120010
What is -2000221012201 (base 3) in base 10?
-1081261
What is 2554664 (base 7) in base 5?
41124200
Convert -423625 (base 9) to base 2.
-111101100001101110
Convert -1349856 (base 10) to base 13.
-383541
-2442363 (base 8) to